d by w.
3
Suppose -4*c + 22 = 2*f - 0*c, -4*f + 4*c = 16. Let d(u) = -9*u + 4. Calculate the remainder when d(-2) is divided by (4/4)/(f/12).
10
Let h = 87 - 85. Suppose -3*o - 556 = -5*s - h*o, -2*s + 224 = -2*o. What is the remainder when s is divided by 1 - (1 - -2)*-9?
27
Let d = -2117 + 2170. Calculate the remainder when 65 is divided by d.
12
Let u(j) = -2*j + 3. Let q = 0 - 8. Calculate the remainder when 35 is divided by u(q).
16
Suppose h - 115 = -4*h. Calculate the remainder when 272 is divided by h.
19
Suppose 5*k = -15, 0 = 5*b - 5*k - 6 - 424. Let z = b + -60. What is the remainder when 273 is divided by z?
20
Let a be 15/(-5) + -1 - -22. Let j = -17 + a. Suppose 0 = -0*i + 2*i + 4*v + 2, 0 = 3*i + 5*v + j. What is the remainder when 6 is divided by i?
0
Suppose 654 = -42*n + 2838. Suppose 18 = -5*y - 0*a + 3*a, -y - 3*a = 18. What is the remainder when n is divided by (-4)/6 + (-112)/y?
16
Suppose 44*a - 42*a - 2128 = -4*c, -2*a + 2118 = 2*c. What is the remainder when a is divided by 46?
42
Let u(c) = c**3 + 8*c**2 + 6*c + 8. Let n(z) = -19*z + 236. What is the remainder when u(-7) is divided by n(12)?
7
Let v(y) be the first derivative of y**3 + 3*y**2/2 - y - 13. Calculate the remainder when 50 is divided by v(-3).
16
Suppose 3*j - 96*o = -92*o + 914, -5*o - 312 = -j. What is the remainder when j is divided by 61?
58
Let o = -34 + 50. Suppose -o = 3*x - 52. What is the remainder when 22 is divided by x?
10
What is the remainder when 96 is divided by 4 - -17 - 2 - -1?
16
Suppose 2*m = 67 - 69. Calculate the remainder when (-1 + 3 - -187) + m + 5 is divided by 28.
25
Suppose 2*o + 3*o - 180 = 0. Let m(y) = -21*y - 2. Suppose 0 = 3*w + 3*s + 3, 0 = 2*w - w - 3*s + 1. Calculate the remainder when o is divided by m(w).
17
Let b = -77 + 95. Suppose 2*u - 28 - b = 0. Let o = -18 + 62. Calculate the remainder when o is divided by u.
21
Let u = -3 - -7. Suppose u*t = 3*t + 6. Let f = t - -17. Calculate the remainder when 44 is divided by f.
21
Let i(g) = g**3 + g**2 - 13. Let b be i(0). Let s(p) = -p**3 - 12*p**2 + 9*p + 5. What is the remainder when s(b) is divided by 12?
9
Let v = 7 - 1. Let l be v/(6/3) + 3. Suppose 10 = k - l. What is the remainder when k is divided by 9?
7
Let q(g) = 42*g + 51. What is the remainder when q(0) is divided by 13?
12
Let v(o) = 36*o - 1. Let f be v(1). Suppose -4*a = b - a - f, -b - a = -25. What is the remainder when 7 is divided by (-18)/(-8) + (-5)/b?
1
Calculate the remainder when ((-464)/(-6))/(16/24) is divided by 9.
8
Let w(f) = -4*f - 2. Let o be w(-1). Suppose 18 = o*y + y. Calculate the remainder when y is divided by (3 + -1)*2*1.
2
Let b = -375 - -383. What is the remainder when 23 is divided by b?
7
Calculate the remainder when (10 + -5)*(-243)/(-15) is divided by 42.
39
Let x(o) be the second derivative of -11*o**3/6 - o**2 - 4*o. What is the remainder when 34 is divided by x(-1)?
7
Suppose 0 = -v - 3*i + 5, -v - 86 = -9*v - i. Calculate the remainder when 1065 is divided by v.
9
Let v be -1 + 0/((-6)/2). Calculate the remainder when 29 is divided by (v/3)/(1/(-18)).
5
Let n = -10 + 17. Suppose n*o = 4*o - 9. Calculate the remainder when 1*o + (14 - -6) is divided by 6.
5
Suppose 10 = -m - o, 2*m - 3*m + 2 = -5*o. Let z = 14 + m. What is the remainder when 11 is divided by z?
5
Let c(i) = -i**2 + 30*i - 38. Suppose 4*u + u - 127 = 2*y, 5*u - 155 = -5*y. What is the remainder when c(u) is divided by 11?
10
Suppose -847 = -20*u + 853. Calculate the remainder when u is divided by 22.
19
Let k be (-119)/4 + (-3)/12. Let t = k - -64. What is the remainder when t is divided by 9?
7
Suppose 8 = 2*d - 4*z, 5*z - 1 = 2*d - 12. What is the remainder when 41 is divided by ((-1)/d)/(14/616)?
19
Let t(b) = -7*b**2 + 27*b + 17. Let q(v) = 4*v**2 - 13*v - 9. Let j(o) = 11*q(o) + 6*t(o). What is the remainder when 50 is divided by j(-10)?
11
Suppose -4 = -9*g + 5. Calculate the remainder when (-3)/(-2)*6/9 is divided by g.
0
Suppose -5*l = -l - 24. Let v(j) = 2*j**3 - 10*j**2 + 7*j + 1. Suppose 0 = 5*n - 74 - 71. What is the remainder when v(l) is divided by n?
28
Let x = -320 + 344. Calculate the remainder when x is divided by 15.
9
Let m be (-21)/(-6) + 6/12. What is the remainder when m*((-45)/(-6) + -1) is divided by 13?
0
What is the remainder when 45339/102*24/14 is divided by 51?
48
Calculate the remainder when (-1343)/(-85) + 6/30 is divided by 9.
7
Suppose -2*i - 22 = -0*i. Let r be (-2)/10 + 4/(-5). Let t = r - i. What is the remainder when 28 is divided by t?
8
Let i = -50 + 52. Let w(y) = y - 5. Let m be w(7). Suppose -i*t - 2*p + 20 = m*t, 5*p = -20. What is the remainder when 20 is divided by t?
6
Let k(c) = -2*c**2 + c + 417. What is the remainder when k(-13) is divided by 12 + -1 + 1/(-1)?
6
Suppose s - 3*s = -n + 89, 0 = -2*n + 5*s + 177. Let w = 135 - n. Suppose -f = 4*a - 0*f - w, -a = -2*f - 20. What is the remainder when 21 is divided by a?
9
Suppose 5*n = w + w + 351, 2*w = -4*n + 270. What is the remainder when n is divided by 15?
9
Let d = 23 + -16. Suppose 97 = 3*g - i, 0 = 4*i - 3 + 19. What is the remainder when g is divided by d?
3
Suppose -n = 22 - 57. Let w = 3 + 6. What is the remainder when n is divided by w?
8
Suppose v - 28 = 5*v. Let f(i) = -5*i - 15. Let m be f(v). What is the remainder when (12/(-8))/((-2)/m) is divided by 8?
7
Suppose -6*h = 108 - 588. Suppose 2*m - 5*m + 9 = 0. Suppose -4*q + 76 = 4*g, q + 2*g - h = -m*q. Calculate the remainder when 83 is divided by q.
20
Suppose -13*o + 10*o + 21 = 0. Let k be (46/(-8))/(o/168). What is the remainder when (k/18)/(1/(-6)) is divided by 16?
14
Suppose -32*l = 3*l - 8785. Calculate the remainder when l is divided by 127.
124
Suppose -2*y - y + 55 = 2*m, 0 = y - 5*m - 41. Suppose 98*h + 10 = 100*h. Calculate the remainder when y is divided by h.
1
Let z(d) = d**3 - d**2 + 2*d + 4. Let x be z(-3). Let y = 62 + x. Calculate the remainder when y is divided by 14.
10
Suppose 10*x - 52 = -3*x. Calculate the remainder when 2 is divided by (x + 2 + -7)*-2.
0
What is the remainder when 79 is divided by ((-17)/51)/(2*(-1)/162)?
25
Let v = 28 - 19. Calculate the remainder when v/(-6)*(3 - 9) is divided by 6.
3
Let u = 1655 + -1046. What is the remainder when u is divided by 12?
9
Suppose -w + 115 = -5*k, -3*k + 4 - 513 = -5*w. Let i = -2866 - -2892. Calculate the remainder when w is divided by i.
22
Suppose -d + h + 74 = 4*h, 5*h = -5*d + 320. Suppose -2*a = 2*f - 30, -5*f + 0*a = a - d. What is the remainder when 65 is divided by f?
10
Suppose 0 = 3*y - 4 - 8. Suppose -y*s = l - 66, -59 = -4*s + s + 4*l. Let m = 3 + 45. What is the remainder when m is divided by s?
14
Let h(l) = -7*l**2 + 2*l + 1. Let r be h(-1). Let z(g) = -g - 18. Let a be z(r). Let i = a + 17. What is the remainder when 25 is divided by i?
4
Suppose 11*i - 436 = 7*i. What is the remainder when i is divided by 22?
21
Suppose 4*s = 2*d + 92, 3*s - 67 = d + d. Calculate the remainder when 46 is divided by s.
21
Suppose b - 3*n = -4 - 0, -3*n = -3*b. Suppose b*z + 113 = 3*v - 2*z, z + 160 = 5*v. Calculate the remainder when v is divided by 16.
15
Let h = 35 - 17. Suppose -a = -5*m - 48, -m - 54 = -2*a - 5*m. What is the remainder when a is divided by h?
15
Suppose 17*r = 30*r - 1209. Suppose -97*l + r*l = -160. What is the remainder when l is divided by 24?
16
Let h(i) = -16*i + 28*i - 1 - 17*i. Let w be h(-4). Suppose -24*q + w*q + 65 = 0. Calculate the remainder when 102 is divided by q.
11
Let i be (4/(-3))/(20/(-75)). Calculate the remainder when 12 is divided by (4 + 0)/(i/10).
4
Let c(w) = 14*w + 319. What is the remainder when c(23) is divided by 130?
121
Let i = 125 + -115. Let l(c) be the first derivative of -2*c**2 + 3*c - 2. Calculate the remainder when l(-4) is divided by i.
9
Suppose 0 = -10*i + 7 + 3. What is the remainder when 57 is divided by (-3)/((-28)/(-40) - i)?
7
Suppose -2*t + 2*i + 12 = t, 5*i = t - 17. Suppose -o - 6*x = -x + 4, -t*o - 5*x + 12 = 0. What is the remainder when o is divided by 408/56 - 4/14?
2
Let l(u) be the second derivative of -u**3/6 + 7*u**2/2 + 4*u. Let h be l(4). What is the remainder when h*(-52)/(-12) - 2 is divided by 6?
5
Let u(b) be the third derivative of -b**5/60 - 3*b**4/8 + 7*b**3/6 - 7*b**2. Calculate